3, 7
Let a(q) = 9*q**2 + 7*q + 27. Suppose -25*g = -22*g + 12. List the prime factors of a(g).
11, 13
Let p = -73415 + 127627. What are the prime factors of p?
2, 13553
List the prime factors of ((24/40)/(6/3112))/((-16)/(-120)).
2, 3, 389
Suppose -1693*s = -1696*s - x + 17352, 0 = -2*s + 5*x + 11551. List the prime factors of s.
5783
Suppose -161*c - 64 = -157*c. Let o be ((-3)/(-2))/(6/128). Let w = o + c. List the prime factors of w.
2
Let f be -2*(20/100)/((-2)/(-20)). Suppose -3*j + 38 = -10. List the prime factors of (-627)/(-9) - (j/(-6))/f.
3, 23
Let i = 14612 + -6624. List the prime factors of i.
2, 1997
Let n(i) be the first derivative of 4*i**3/3 + 16*i - 1. Let k = -2027 + 2033. List the prime factors of n(k).
2, 5
Suppose 10 = 3*h - 2*m, -2*h - 4*m + 12 = -0*m. Suppose h*d = -221 + 13. Let k = d - -138. List the prime factors of k.
2, 43
Let u(s) = s**3 + 4*s**2 - 3. Let b be u(-2). Suppose 3*q - 5*q + 201 = -b*d, -5*q - 92 = 2*d. List the prime factors of (-1*(d - -4))/((-3)/(-12)).
2, 37
Let z(q) = q**3 - 3*q**2 + 4*q - 3. Let t be z(2). Let a(m) = 467*m**3 + 4*m**2 - 3*m - 1. List the prime factors of a(t).
467
List the prime factors of -43*((-23)/(1840/18752))/((-2)/(-5)).
2, 43, 293
Suppose 123*a - 3493364 = -115*a. List the prime factors of a.
2, 41, 179
Let t = -372 + 518. Suppose -h + 181 + t = -2*a, -5*h + a = -1635. What are the prime factors of h?
3, 109
Let z(a) = -3120*a - 2965. What are the prime factors of z(-26)?
5, 7, 11, 29
What are the prime factors of 7/189*170094 - (-2)/9?
2, 3, 5, 7
Suppose 83853 = 25*w - 18*w. List the prime factors of w.
3, 11
Let l(t) = -2*t - 83. Let k(m) = m + 41. Let s(q) = 7*k(q) + 4*l(q). Let n(i) = i + 46. Let y(w) = -2*n(w) - 3*s(w). List the prime factors of y(18).
61
Suppose 60 = -27*g + 21*g. List the prime factors of 0 + (6/g)/(2/(-670)).
3, 67
Suppose -132*y - 194546 = -154*y. What are the prime factors of y?
37, 239
Suppose 6 = 2*v, 0*v = -5*d - 3*v + 1974. Suppose 361 = 4*m + 2*x - d, 2*m - 392 = 4*x. Suppose -7*p = 3*p - m. What are the prime factors of p?
19
What are the prime factors of 84321/18*(-3)/((-12)/8)?
3, 347
What are the prime factors of ((-2)/3)/((-9)/162*15/37390)?
2, 3739
Suppose 5220 = -10*j - 2*j. Let i = j - -639. List the prime factors of i.
2, 3, 17
Let p be 135/18*((-2)/(-3) - 0). Suppose -i + o + 24 = 0, 0 = p*i + 5*o - 2*o - 152. What are the prime factors of i?
2, 7
Suppose -6*p + 17 + 13 = 0. Suppose p*y - 951 = 4749. What are the prime factors of y?
2, 3, 5, 19
Let i = -33 - -47. Let z = i - -7. Suppose -5*l + 29 = -z. What are the prime factors of l?
2, 5
Let q(n) = 10*n**2 + 2*n - 1. Suppose 0 = -3*h + 4*g + 2, -h - 4*g + 6*g = 2. List the prime factors of q(h).
7, 53
Let u be (-285)/(-90) - ((-3)/(-18) - 0). Suppose 5*f = n - 213, -8*f - 629 = -3*n - u*f. What are the prime factors of n?
2, 13
Suppose -q - 5*t = 20, 0 = -5*q + 2*q + 4*t + 16. Suppose q = 16*p - 11*p - 335. What are the prime factors of p?
67
Let p(z) = 2641*z - 283. List the prime factors of p(5).
2, 7, 13, 71
Suppose -14*c - 2 = -44. Let f be (1 - (4 + -3))/c + -135. Let s = f - -269. List the prime factors of s.
2, 67
Suppose -5*o + 22 + 3 = 0. Suppose -6*f = o*f - 1397. What are the prime factors of f?
127
Let w(r) = r**3 + 15*r**2 + 2*r - 39. Let g be w(-8). Let z = g + -59. What are the prime factors of z?
2, 167
Let o(n) = 115*n**2 + 45*n - 1394. List the prime factors of o(17).
2, 7, 17, 137
Suppose 348*p = 187*p + 179*p - 428130. What are the prime factors of p?
5, 67, 71
Let m be (0 + -1)/(5/(100/5)). List the prime factors of m/10 + (-183216)/(-440).
2, 13
Suppose 0 = -c + u + 111, -4*c - 3*u = -4*u - 441. Suppose -c*p + 1385 = -105*p. What are the prime factors of p?
277
Let v(u) be the third derivative of u**6/90 - u**5/60 + 41*u**4/24 - 28*u**2. Let b(x) be the second derivative of v(x). What are the prime factors of b(6)?
2, 23
Suppose 537 = 2*u + 6*h - 13941, -4*u = -4*h - 28988. Suppose 5911 = 26*n - u. What are the prime factors of n?
2, 11, 23
Let n = -93 - -275. Let c = n + 52. List the prime factors of c.
2, 3, 13
Let p = 17 - 22. What are the prime factors of (p - -3) + (275 - 6)?
3, 89
Let o(u) = -171*u + 872. Let s be o(0). Suppose h + 6 = c, -5*c - 3*h + 2 = -4. Suppose f = -c*f + s. What are the prime factors of f?
2, 109
Let x be 6/(6/(-3))*-1 - 8. Let r(v) = 20*v**2 + 5*v + 5. Let l be r(x). What are the prime factors of (l/9)/4*(-6)/(-5)?
2
List the prime factors of 4084/(16*(-14)/(-168)).
3, 1021
Suppose h - 5*h + 2*t = -996, 2*t + 494 = 2*h. What are the prime factors of h + (-1)/4*0 + 1?
2, 3, 7
Let i = 1844 - 114. Let r = -145 + i. List the prime factors of r.
5, 317
Suppose 34335 = 3960*v - 3953*v. List the prime factors of v.
3, 5, 109
Let a be -6*1/(-2) - (-15)/(-1). Let p = -6 - a. List the prime factors of 1*3*(-5 + 236/p).
103
Let b = -20976 + 21299. What are the prime factors of b?
17, 19
Let p be 48/(-14) + 3 - 118/(-14). What are the prime factors of 68*1/(-4)*p/(-4)?
2, 17
Suppose 25*o - 1131086 + 124946 = 269035. What are the prime factors of o?
11, 4637
Suppose 3*r - 2*r - 44 = 5*g, -3*r + g + 160 = 0. Let c(v) = v**2 - 30*v + 173. Let d be c(22). Let u = d + r. What are the prime factors of u?
3, 17
Let l be ((-1)/(-3))/(2/(-6)). Let v(p) = 7 + 4 - 44*p - 7 - 3. What are the prime factors of v(l)?
3, 5
List the prime factors of 1408/(-736) + 2 + (2120571/(-23))/(-3).
73, 421
Suppose -9*j - 278 = -7*j. Let x = -38 - j. What are the prime factors of x?
101
Suppose 560*q = 595*q - 197330. List the prime factors of q.
2, 2819
List the prime factors of (-1 + 2)/((-112)/(-77728)).
2, 347
Suppose 1439982 = -177*v + 4814841. List the prime factors of v.
23, 829
Let f be 15/(-21) + 1 - 9522/(-42). Suppose 2*a - f = 531. List the prime factors of a.
379
Suppose 55 = 4*n - 6*f + f, -5*n + 3*f + 85 = 0. Let v be 5/(n/(-444)) + 1. What are the prime factors of 2/(-11) + (-22240)/v?
2, 101
Let d(i) = 4*i - 2*i - 1265 + 1274. Let b be d(-4). List the prime factors of (5 + -3)*(b - 0).
2
Suppose -3*y + 111*q - 107*q = -12798, -q = y - 4266. List the prime factors of y.
2, 3, 79
Suppose 3*d + 4815 = 5*x - d, 0 = -2*x + d + 1926. Let n = x - 301. What are the prime factors of n?
2, 331
Suppose 4*x + 11 = -3*n + 4, -30 = -5*x + 4*n. Suppose -x*t - 10*t = -5460. Let k = -229 + t. What are the prime factors of k?
2, 113
Suppose -3*j + 5*j = 0, 5*j + 8 = 2*p. Suppose 1009 = p*m - 1271. What are the prime factors of m?
2, 3, 5, 19
Let d(b) = b + 21*b**2 - 445 + 225 + 217. What are the prime factors of d(8)?
19, 71
Let w(k) = 17*k**2 + 19*k + 445. List the prime factors of w(55).
5, 19, 557
Let q be (6/4)/(21/3220). Let g = 7 - q. Let h = 329 + g. List the prime factors of h.
2, 53
Let v = 49 + -34. Suppose 0 = v*c - 14*c - 87. Let k = 187 - c. What are the prime factors of k?
2, 5
Let t(c) = 8*c + 6. Let w be (2/6)/((-4)/(-72)). Let h be t(w). Suppose -4*k - 5*f + 110 = 0, 5*k - h = 3*f + 102. List the prime factors of k.
2, 3, 5
Let y(f) be the third derivative of -f**6/120 - f**5/12 + f**4/4 - f**3/3 - 7*f**2. Let i be y(-6). Let x(h) = -5*h + 2. List the prime factors of x(i).
2, 3
Suppose -4*n + 2*n - m - 34 = 0, 0 = 4*n + 3*m + 70. List the prime factors of (-4)/n - (-14034)/24.
3, 5, 13
Let j be 0*(4 - (-20)/(-4))/(-1). Suppose j = 3*a + 4 - 13. Suppose 2*c - 436 = -2*b - 2*c, -a*b + 654 = -4*c. What are the prime factors of b?
2, 109
Suppose 12*n = 4*n + 74363 + 36501. List the prime factors of n.
2, 13, 41
Let x be -21 + -2*(-21)/(-14). What are the prime factors of 42/(-8) + 5 - 22614/x?
2, 3, 157
Let w = -77 - -89. Suppose -68 - w = -16*p. Suppose 0 = -2*d + c + 447 - 28, 0 = p*d - 4*c - 1052. What are the prime factors of d?
2, 13
Let j be (3 + -4)/(-3)*9. Suppose 16*w = j*w + 3887. What are the prime factors of w?
13, 23
Let a(y) = -y + 40. Let s be a(34). Suppose s*l = 2*l + 1636. List the prime factors of l.
409
Let l(i) be the second derivative of i**3 + 4*i**2 + 35*i. Let n be l(-1). Suppose 0 = 5*c + 5*g - 155, -c - n*c = -4*g - 107. What are the prime factors of c?
3, 11
Suppose 32*m = 33*m - 4. Let f be m + -2 - -1 - (-9)/(-3). Suppose -3*v + 5*r + 392 = f, r = -4*v + 4*r + 530. List the prime factors of v.
2, 67
Let t(r) = -1682*r - 